 is the units digit of 20/x*30/(-20)?
5
Let o be (15/(-5))/(6/(-20)). Suppose -5*d - o = -100. What is the units digit of d?
8
Suppose 15 = 2*l + 5. Suppose 4*s + 335 = 5*b, l*b - s + 0*s = 320. What is the tens digit of b?
6
Let s(h) = 12*h**2 + 36. What is the tens digit of s(4)?
2
Let r = -90 - -79. Let u(f) = -f**3 - 9*f**2 + 14*f + 16. What is the tens digit of u(r)?
0
Let l(m) = 2*m - 12. Let q be l(6). What is the tens digit of 25 - 0 - (q/(-4) - -1)?
2
Suppose a - n - 367 = -2*n, -3*a + n + 1093 = 0. What is the hundreds digit of a?
3
Let d = 165 + -21. Suppose 3*s = s + d. Suppose 5*g = 4*g + s. What is the units digit of g?
2
Let m(z) = -3*z**2 - 11*z - 1. Let o(k) = -k**2 - 1. Let t(n) = m(n) - 5*o(n). Suppose -4*c + 3*i = 4*i - 26, -2*c - i = -12. What is the tens digit of t(c)?
2
Let o(s) be the second derivative of -s**4/12 + 11*s**3/6 + 3*s**2/2 + 7*s. What is the units digit of o(6)?
3
Let t = -1 + 13. Let d = 12 - t. Suppose -1 + d = -w. What is the units digit of w?
1
Let l be (7*-1)/(6/(-12)). Let w be (-4)/l + 74/14. What is the tens digit of -1 - 10*(3 - w)?
1
Let h = -26 + 31. Suppose 0 = 2*w + 5*s - s - 136, h*w + s - 313 = 0. What is the tens digit of w?
6
Let x = -4 + 3. Let r = -1 - x. Suppose r = 2*q - 5*n - 144, 0 = q + 3*q + 3*n - 262. What is the tens digit of q?
6
Suppose 5*z - 2*q = -7, 0 = -3*z + 5*q - 3*q - 5. Let c(r) = 128*r**2 + r - 2. What is the tens digit of c(z)?
2
Let o(z) = -z + 11. Let v be o(7). Suppose 2*x + v = 28. What is the units digit of 32/x*33/4?
2
Let c(p) = -43*p - 26. Let l be c(-3). Let s = 145 - l. What is the tens digit of s?
4
Let u(w) = w**2 - 5*w - 2. Let a be u(5). Let d be ((-4)/a - -45) + -4. Suppose -5*j + d = -4*j. What is the units digit of j?
3
Suppose 5*y + 2*u + 15258 = 9*y, 2*y = -4*u + 7624. What is the thousands digit of y?
3
Let v(s) = 3 + s**3 + 5*s - 5*s - 6*s + 7*s**2 - 2*s. Let n be v(-8). What is the tens digit of ((-11)/3)/(n/(-18))?
2
Let c(h) = -h**3 - 7*h**2 - 8*h + 5. Let l = -16 + 21. Suppose -l = 5*f + 25. What is the units digit of c(f)?
7
Suppose -5*z - 370 = -2*x, 3*x - 3*z - z = 541. Let r = x - 109. What is the units digit of r?
6
Suppose 3*u - 582 = 3*h, u + 3*h + 115 - 313 = 0. What is the hundreds digit of u?
1
Let p be (4/(-7))/((-14)/49). Suppose m - 9 = -p*m. Suppose r + 74 = m*r. What is the units digit of r?
7
Let q be (-2)/(-7) + ((-611)/7 - 4). Let m = 318 + q. What is the hundreds digit of m?
2
Let u(a) = a**3 + 393*a**2 + 9*a - 192*a**2 - 192*a**2. What is the tens digit of u(-6)?
5
Let r be 9 + 3/(-9)*-3. Let o be (0 - r)/(5/5). What is the units digit of (-148)/(-5) + (-4)/o?
0
Let f = 271 - -21. What is the hundreds digit of f?
2
Let a(r) be the second derivative of r**4/12 - 5*r**3/3 + 10*r**2 - 24*r. What is the hundreds digit of a(16)?
1
What is the hundreds digit of (8/(-12) + -1)/((-2)/384)?
3
What is the tens digit of ((-12)/(-8))/3*2812 + -3?
0
Let u = -231 + 519. What is the tens digit of (u/(-28))/(1/(56/(-12)))?
4
What is the units digit of (61/5 + -11)/(4/490)?
7
Suppose 4*w + 4*o = 8624, -2*o + 10792 = 26*w - 21*w. What is the hundreds digit of w?
1
Suppose 0 = 4*v + 2*a - a + 24, 0 = -3*a + 12. Let w = 2 - 50. What is the tens digit of (w/v)/4*7?
1
Let m(j) = 4*j**2 + 7*j + 16. Suppose -15*p + 22 = 157. What is the tens digit of m(p)?
7
Let g = 1466 + -999. What is the units digit of g?
7
Let q be 3480/(-36)*3*-1. Let w = q - 202. Suppose -2*i - w = -3*m + 55, -3*m = -i - 148. What is the units digit of m?
1
Let k(b) be the third derivative of -b**5/60 + 5*b**4/24 - b**3/6 + 3*b**2. Suppose 6*t - 4*t - 2 = -4*s, 5*t - 13 = -2*s. What is the units digit of k(t)?
5
Let q(s) = 6*s**2 - 14*s - 9. What is the tens digit of q(6)?
2
Suppose -3*c = -3*r, -3*c - 3*r + 5*r = -2. Suppose 13 + c = 5*i. Suppose -34 = -u + i*b, -2*u + 52 = b + b. What is the units digit of u?
8
Let d(u) = -12*u**3 + 2*u**2 - u + 19. What is the tens digit of d(-4)?
2
Suppose 60 - 1007 = -5*k - g, -2*k + 2*g + 374 = 0. Let f = -110 + k. What is the tens digit of f?
7
Let s(u) = 11*u**2 - 4*u - 2. Suppose 2*r = -5*p + 34 - 8, -5 = r - 2*p. What is the tens digit of s(r)?
8
Let h be 43 + -3 + 2 + 0. Suppose -3*j + 150 = -h. What is the units digit of j?
4
Suppose -7549 + 2369 = -7*n. What is the units digit of n?
0
Let b = -192 - -579. What is the tens digit of b?
8
Suppose 3*q - 2*q + 5*t = -17, -16 = -4*q + t. Let g(i) = 7*i**q + 1 + i**3 + 2*i**3 - 2*i**3 - i**2. What is the units digit of g(1)?
8
Suppose -3*a - 2963 = -g, 3*g - 4*a - 3297 - 5597 = 0. What is the thousands digit of g?
2
Suppose s - 6*s + 50 = 0. Suppose s*m - 5*m - 10 = 0. Suppose 14 = -m*r + 3*r. What is the units digit of r?
4
Let m = 107 - 8. Let g = -30 + m. What is the tens digit of g?
6
Let c(l) = 157*l**3 + 9*l**2 - 4*l + 6. Let y(h) = -78*h**3 - 4*h**2 + 2*h - 3. Let o(m) = -6*c(m) - 13*y(m). What is the tens digit of o(1)?
7
Suppose 0*k = 4*k - k. Suppose -2*z - 2*q + 248 = 0, k*q - 616 = -5*z - q. What is the hundreds digit of z?
1
Let m(b) be the third derivative of -b**6/120 - b**5/12 + b**4/4 + b**2. Let v(n) be the second derivative of m(n). What is the tens digit of v(-4)?
1
Let d(a) = 19*a**2 + 22*a + 2. What is the units digit of d(5)?
7
Suppose -8*q + 1664 = -1680. What is the hundreds digit of q?
4
Suppose 5*q = 38*q - 35805. What is the tens digit of q?
8
Suppose -2*o - 5*q + 1640 = 0, 5*q = -8*o + 10*o - 1640. What is the hundreds digit of o?
8
Let h(n) = 3*n**3 - 87*n**2 - 58*n - 42. What is the units digit of h(30)?
8
Let s = -32 + 43. Let c = -22 + s. Let y(p) = p**2 + 9*p + 9. What is the units digit of y(c)?
1
Let y = 30 + -12. Let a = 20 - y. What is the units digit of (3 + 9/2)*a?
5
Let w(c) = -7*c**2 - c - 5. Let i(s) = 6*s**2 + s + 5. Let k(n) = 5*i(n) + 4*w(n). Let q be k(0). Suppose -q*x = -17 - 23. What is the units digit of x?
8
Let g be -4*-2*(-4)/(-32). Let w(j) = 5*j + 2. What is the units digit of w(g)?
7
What is the hundreds digit of 3/18*3*2222?
1
Suppose 4*i - x - 39 = -0*x, 0 = 4*i - 4*x - 36. Suppose v + 4 = i. Suppose 0 = -2*s + 14 - v. What is the units digit of s?
4
Suppose 0*p + 3*p - 381 = 0. Suppose -2*c + p = -131. Suppose -2*t + c = 5. What is the units digit of t?
2
Let y = 570 + -102. What is the units digit of y?
8
Suppose -15*n + 3722 - 1382 = 0. What is the units digit of n?
6
What is the units digit of (-23170)/(-45) - 2/(-18)?
5
Suppose 3*c + 36 = 6*c. Suppose -2*j = -6*j + c. Suppose -3*k + 70 = -f - 0*f, 0 = j*k + 4*f - 65. What is the tens digit of k?
2
Let i(v) = 2*v + 28. Let m be i(-12). Suppose -3*x - m*q = -57, -2*x = x - 2*q - 75. What is the tens digit of x?
2
What is the hundreds digit of ((-171)/(-76))/(3/1776)?
3
What is the thousands digit of (-4434)/3*(-22 - -21)?
1
Suppose 2*r - 15*i - 2024 = -16*i, -5*i = 0. What is the thousands digit of r?
1
Let h(l) = -7*l + 5. Let v be h(-9). Suppose -a + v = -5. What is the units digit of a?
3
Suppose -4*h + 307 + 125 = 0. Let n = h + -10. Let p = -70 + n. What is the tens digit of p?
2
Suppose -18*s + 17505 = -3*s. What is the thousands digit of s?
1
Let c(k) = -2*k + 17. Let l be c(12). Let w be ((-1)/3)/(l/84). Suppose -18 = -3*a - 3*v, -w*v = 2*a - 3 - 17. What is the units digit of a?
2
Let b(a) = a**2 + 5*a + 8. Let w be b(-3). What is the tens digit of (-747)/w*(-46)/69?
4
Suppose 0 = 3*w + 5*q - 458, -6*q = 4*w - 5*q - 639. Suppose 8*z + w = -247. Let t = 86 + z. What is the tens digit of t?
3
Let o(h) = -2*h + 21. Let s be o(0). Let p be 61 - (s/3 + -3). Suppose 2*r = -p + 169. What is the units digit of r?
6
Suppose t = 3*m - 5*m + 24, 5*t = -4*m + 144. Suppose -r - 6 = -3*r. Suppose -r*p + t = -p. What is the tens digit of p?
1
Suppose 435 - 1373 = -7*t. Let u = t + -79. What is the units digit of u?
5
Let q be (-1)/((-12)/56)*-3. Let h be (-12)/q + 2/14. Suppose m + 0*m + h = -2*t, 2*t = -2. What is the units digit of m?
1
Let j = -156 + 17. Let s = -89 - j. What is the tens digit of s?
5
Let y = 33 + -54. Suppose 0 = 5*h - 3 - 192. Let d = y + h. What is the units digit of d?
8
Let i be 6*(-2)/(-18)*6. Let l = 54 - i. What is the tens digit of l?
5
Suppose 4*m = -3*k + 1, 2*k - 13 = -k + 2*m. Suppose k*h - 2*h - 28 = 0. Suppose -3*r + 42 = 3*f, -5*f + 34 = r -